 the hundreds digit of 8224513?
5
What is the ten thousands digit of 4214483?
1
What is the ten thousands digit of 114953?
1
What is the millions digit of 3911508?
3
What is the hundred thousands digit of 619045?
6
What is the units digit of 558219?
9
What is the thousands digit of 4305806?
5
What is the hundred thousands digit of 27218913?
2
What is the thousands digit of 7099476?
9
What is the hundred thousands digit of 275978?
2
What is the thousands digit of 12776613?
6
What is the ten thousands digit of 47539?
4
What is the millions digit of 10003615?
0
What is the units digit of 164021?
1
What is the hundreds digit of 4554525?
5
What is the units digit of 190819?
9
What is the tens digit of 1524342?
4
What is the tens digit of 1103166?
6
What is the units digit of 266029?
9
What is the thousands digit of 1116015?
6
What is the ten thousands digit of 341502?
4
What is the thousands digit of 1368941?
8
What is the units digit of 161133?
3
What is the ten thousands digit of 32154?
3
What is the hundred thousands digit of 3616587?
6
What is the units digit of 244851?
1
What is the hundreds digit of 2322525?
5
What is the thousands digit of 12408294?
8
What is the thousands digit of 46248?
6
What is the units digit of 238140?
0
What is the hundred thousands digit of 19575017?
5
What is the ten thousands digit of 3506207?
0
What is the tens digit of 435133?
3
What is the ten thousands digit of 1550796?
5
What is the units digit of 194466?
6
What is the ten thousands digit of 2999595?
9
What is the tens digit of 481953?
5
What is the ten thousands digit of 9837454?
3
What is the tens digit of 51625?
2
What is the ten thousands digit of 277369?
7
What is the ten thousands digit of 3936943?
3
What is the ten thousands digit of 3112206?
1
What is the millions digit of 30940157?
0
What is the thousands digit of 1345147?
5
What is the units digit of 1928870?
0
What is the hundreds digit of 2819994?
9
What is the hundreds digit of 168073?
0
What is the thousands digit of 2923095?
3
What is the hundreds digit of 340175?
1
What is the hundreds digit of 22883385?
3
What is the tens digit of 199721?
2
What is the tens digit of 7163919?
1
What is the hundred thousands digit of 582366?
5
What is the thousands digit of 9516991?
6
What is the tens digit of 11876410?
1
What is the hundred thousands digit of 236458?
2
What is the hundred thousands digit of 277796?
2
What is the thousands digit of 42726?
2
What is the tens digit of 2830666?
6
What is the hundreds digit of 425104?
1
What is the units digit of 37916162?
2
What is the hundred thousands digit of 28417892?
4
What is the hundred thousands digit of 23907888?
9
What is the hundred thousands digit of 792003?
7
What is the thousands digit of 2334931?
4
What is the hundreds digit of 193682?
6
What is the hundreds digit of 290646?
6
What is the tens digit of 418940?
4
What is the ten thousands digit of 1141242?
4
What is the thousands digit of 584174?
4
What is the hundred thousands digit of 9979971?
9
What is the thousands digit of 4114440?
4
What is the hundreds digit of 1286118?
1
What is the tens digit of 1576591?
9
What is the hundreds digit of 211370?
3
What is the tens digit of 9994420?
2
What is the thousands digit of 31651209?
1
What is the hundred thousands digit of 4850982?
8
What is the ten thousands digit of 4914812?
1
What is the thousands digit of 25645419?
5
What is the hundreds digit of 30053820?
8
What is the ten thousands digit of 19857?
1
What is the thousands digit of 2934559?
4
What is the ten thousands digit of 33229?
3
What is the thousands digit of 7823061?
3
What is the units digit of 9659395?
5
What is the units digit of 335653?
3
What is the thousands digit of 5874349?
4
What is the thousands digit of 14821?
4
What is the hundreds digit of 196523?
5
What is the units digit of 985549?
9
What is the ten millions digit of 11542537?
1
What is the ten thousands digit of 1470315?
7
What is the ten thousands digit of 208525?
0
What is the tens digit of 4409425?
2
What is the hundreds digit of 550967?
9
What is the units digit of 66275?
5
What is the thousands digit of 131745?
1
What is the hundred thousands digit of 511924?
5
What is the tens digit of 214672?
7
What is the units digit of 477692?
2
What is the thousands digit of 4073?
4
What is the millions digit of 7523915?
7
What is the tens digit of 1859316?
1
What is the ten thousands digit of 1451328?
5
What is the tens digit of 2822349?
4
What is the millions digit of 2537334?
2
What is the hundreds digit of 282441?
4
What is the tens digit of 102086?
8
What is the thousands digit of 326098?
6
What is the units digit of 105081?
1
What is the tens digit of 21563?
6
What is the thousands digit of 83816?
3
What is the thousands digit of 10348322?
8
What is the tens digit of 2878057?
5
What is the millions digit of 9547832?
9
What is the units digit of 287105?
5
What is the units digit of 6169153?
3
What is the units digit of 191829?
9
What is the thousands digit of 211015?
1
What is the hundreds digit of 516283?
2
What is the ten thousands digit of 12466521?
6
What is the ten thousands digit of 507518?
0
What is the tens digit of 140678?
7
What is the ten thousands digit of 44154?
4
What is the hundreds digit of 2891232?
2
What is the hundred thousands digit of 8219175?
2
What is the thousands digit of 487036?
7
What is the units digit of 3218949?
9
What is the units digit of 1753041?
1
What is the units digit of 1169001?
1
What is the hundreds digit of 471700?
7
What is the units digit of 4482409?
9
What is the hundreds digit of 56182?
1
What is the hundred thousands digit of 21132918?
1
What is the ten thousands digit of 1326939?
2
What is the tens digit of 21394613?
1
What is the thousands digit of 152772?
2
What is the millions digit of 3360008?
3
What is the thousands digit of 143183?
3
What is the millions digit of 6043176?
6
What is the thousands digit of 244662?
4
What is the hundreds digit of 14159310?
3
What is the ten thousands digit of 248570?
4
What is the thousands digit of 3134497?
4
What is the tens digit of 14144?
4
What is the tens digit of 378545?
4
What is the hundreds digit of 245952?
9
What is the ten thousands digit of 468319?
6
What is the hundred thousands digit of 1888938?
8
What is the ten thousands digit of 233503?
3
What is the tens digit of 7914539?
3
What is the tens digit of 77242?
4
What is the ten thousands digit of 368333?
6
What is the thousands digit of 19471?
9
What is the millions digit of 1089298?
1
What is the units digit of 1001562?
2
What is the units digit of 23342753?
3
What is the thousands digit of 71659?
1
What is the units digit of 181616?
6
What is the thousands digit of 18881683?
1
What is the ten thousands digit of 674463?
7
What is the hundreds digit of 1543074?
0
What is the thousands digit of 9555969?
5
What is the thousands digit of 153494?
3
What is the hundred thousands digit of 1715693?
7
What is the units digit of 133275?
5
What is the hundreds digit of 2261157?
1
What is the hundred thousands digit of 17941589?
9
What is the hundreds digit of 190638?
6
What is the thousands digit of 81054?
1
What is the thousands digit of 9956013?
6
What is the thousands digit of 5949928?
9
What is the ten thousands digit of 137493?
3
What is the hundred thousands digit of 2023418?
0
What is the millions digit of 5759027?
5
What is the hundreds digit of 4836241?
2
What is the millions digit of 13878544?
3
What is the hundreds digit of 19560?
5
What is the thousands digit of 989518?
9
What is the ten thousands digit of 25693?
2
What is the hundreds digit of 18753566?
5
What is the tens digit of 90?
9
What is the thousands digit of 335352?
5
What is the ten thousands digit of 24329496?
2
What is the thousands digit of 490399?
0
What is the hundreds digit of 3132989?
9
What is the millions digit of 1590979?
1
What is the thousands digit of 374091?
4
What is the hundred thousands digit of 11684015?
6
What is the thousands digit of 3298350?
8
What is the ten thousands digit of 651582?
5
What is the hundreds digit of 3939703?
7
What is the tens digit of 42955?
5
What is the ten thousands digit of 235420?
3
What is the tens digit of 59509?
0
What is the hundreds digit of 2119774?
7
What is th